me factors of (-5)/(s/72) - 1?
23
Let p be (-372)/(-36) - 1/3. Let w = p + -84. Let v = -21 - w. What are the prime factors of v?
53
Suppose 2*x - 1296 = -2*k, 4*k + 9*x = 6*x + 2594. What are the prime factors of k?
2, 5, 13
Suppose 3*w = 5*p - 5 - 8, -w - 3*p = 9. Let m be 3/w*-4 - 23. List the prime factors of (162/m)/((-12)/56).
2, 3
Let m be -3 - (-1)/(-2)*0. Let p be -3*(-10)/m - 0. Let w = p - -20. List the prime factors of w.
2, 5
Suppose -13 = -5*z - 3*y, -2*z + 2*y = -2*y. What are the prime factors of 168 - z*4/(-8)?
13
Let w be ((-51)/(-12) - 4)*8. Suppose -w*f + 13 = -13. What are the prime factors of f?
13
Let t(u) = 2*u**2 + 2*u - 2. Let l = -13 + 17. Let b be t(l). Let o = b - 16. List the prime factors of o.
2, 11
Let j = 106 + 40. Suppose -j = 5*y - 1336. What are the prime factors of y?
2, 7, 17
Suppose 0 = -5*h + 17 + 3. Suppose 2*f - 396 = -h*i - 0*f, 2*i - 2*f = 186. List the prime factors of i.
97
Let b = -555 + 1052. Suppose b = 5*l - 5*x + 77, 4*x + 90 = l. What are the prime factors of l?
2, 41
Let j(u) = 17*u + 3. Suppose -18 = -5*a + 2*c - c, -a = -5*c - 18. Let b be j(a). Suppose -3*d + s = -0*d - 38, 0 = 4*d - 2*s - b. List the prime factors of d.
11
Suppose 0*s + 5*s = 4*x - 808, -2*s + 629 = 3*x. What are the prime factors of x?
3, 23
Let q(m) = 19*m + 4. Let f be q(-3). Let r be 5/(70/(-6)) + (-1923)/21. Let x = f - r. List the prime factors of x.
3, 13
Let o = 382 - 195. Suppose -g - 128 = -5*n + o, 2*g + 196 = 3*n. List the prime factors of n.
2, 31
Let m(r) = r**2 - 3*r. Let v be m(-13). Let i = v - 34. Suppose 5*h - i = -2*y + 146, 0 = -5*h + 3*y + 320. List the prime factors of h.
2
Let j(g) = g**3 + 5*g**2 - 6*g - 7. Let q be j(-6). Let k = q + 12. Suppose 6*p = k*p + 5*n, 2*n - 10 = 0. List the prime factors of p.
5
Let j(s) = s**2 - 2*s - 7. Let f(l) = -l + 3. Let o be f(-2). What are the prime factors of j(o)?
2
Let g = 1061 + -960. List the prime factors of g.
101
Let r be 10/(-4)*60952/(-95). List the prime factors of r/20 + (-3)/15.
2, 5
Let y(p) = 3*p**2 + 0*p**2 + 9*p**2 + p**3 - p - 7*p**2 - 2. What are the prime factors of y(-4)?
2, 3
Let p(w) = -w**3 - 7*w**2 - 10*w - 3. Let z be p(-8). Let q be (-2)/(-8) - z/4. Let u = -16 - q. List the prime factors of u.
19
Let b be 23*4*(-1)/(-4). Suppose b = 5*h - 197. What are the prime factors of h?
2, 11
Suppose r + 30 = -3*j, j + 6 = 2*r + 3. Let t(y) = 3*y**2 + 15*y. List the prime factors of t(j).
2, 3
Suppose -2*p + 510 = 3*h, 0 = -p - 5*h - 67 + 336. List the prime factors of p.
3, 83
Let t(b) = -b**3 - b + 7. Let c(h) = h**3 + h. Let f be c(0). Let o be t(f). Suppose 8*q - o*q = 3. List the prime factors of q.
3
Let z = 13 + -13. Suppose 4*i - 58 - 6 = z. What are the prime factors of i?
2
Let v(f) = 2*f**2 + 6*f + 10. Let g(y) = -y**3 + 5*y**2 + 6*y - 6. Let l be (6/7)/(7/49). Let q be g(l). List the prime factors of v(q).
2, 23
Let p(m) = -5*m + 27. Let l be 1*-2*33/6. What are the prime factors of p(l)?
2, 41
Let m = -32 - -46. Suppose x - y = 0, 4*y - m = -3*x - 0*y. What are the prime factors of x?
2
Let y be -13 + (-35)/(-7) + -7 + 6. Let a(g) = 2*g + 0 - 6*g - 17. What are the prime factors of a(y)?
19
Let u be 2*2 - (2 + -2). Suppose -31 = -u*l + 45. What are the prime factors of l?
19
Let r(j) = -j**2 - 10*j - 6. Let z be r(-9). Suppose -2*c + 3*c - z = 0. Suppose c*t = 2*t + 61. List the prime factors of t.
61
Let w(d) = 3*d**2 + d - 15. Let l(u) = u**2 - 4*u + 3. Let i be l(8). Suppose 13*y = 6*y + i. What are the prime factors of w(y)?
5, 13
Let a = -17 - -102. List the prime factors of a.
5, 17
Suppose -2*n + 1 = x + n, 0 = -4*x + 3*n + 19. Suppose 0 = -x*d + 786 + 98. List the prime factors of d.
13, 17
List the prime factors of ((-1)/(-2))/((-60)/(-135960)).
11, 103
Let q be (4/6)/(2/(-12)). Suppose 33 = 14*z - 331. Let o = q + z. What are the prime factors of o?
2, 11
List the prime factors of 4583/9 + 4 - (-10)/(-45).
3, 19
Let x(d) = -2*d - 10. Let r be x(-6). Suppose -r*w + 3*y = -3, 3*w - 3*y - 2 = 1. List the prime factors of (-3 - 83 - w)/(-2).
43
Let d = 0 - -2. Let y be (-21)/(d/((-4)/2)). Let f = y - 6. What are the prime factors of f?
3, 5
Let t = -1420 - -2062. List the prime factors of t.
2, 3, 107
Let w(t) = 8*t**3 + 2*t**2 + t - 1. Let f be 4/10 + 1*8/5. What are the prime factors of w(f)?
73
Let h(o) = -o**3 + 4*o**2 + o + 1. Let g be h(4). Suppose -g*x + 1 = 61. Let f = x + 20. List the prime factors of f.
2
Let t(m) = -m**3 - m**2 + 65. Suppose 0*g = -2*g. List the prime factors of t(g).
5, 13
Let c(a) = -166 + 165 - 2*a - a. List the prime factors of c(-9).
2, 13
Let h be 0/(10/(-15)*-6). What are the prime factors of 165/3*(h - -1)?
5, 11
List the prime factors of (-5856)/(-42) + -3 + (-90)/(-35).
139
What are the prime factors of 14/2 - (90 + -711)?
2, 157
Let h(k) = 12*k**2 - 9. Let i(g) = 13*g**2 - g - 11. Let n(r) = 3*h(r) - 2*i(r). What are the prime factors of n(3)?
7, 13
Let t(z) = -4*z + 6. Let y(o) = 2*o + 18. Let s be y(-7). Suppose -3*v + x = -x + 32, s*x - 40 = 4*v. List the prime factors of t(v).
2, 3
Suppose -2*v = -0*v - 8. Let m be 120 + v + 0 + 0. Suppose 4*h - m = -4*g, -3*g + 191 = 2*g - 4*h. List the prime factors of g.
5, 7
Suppose -8*m = -4*m - 1184. What are the prime factors of m?
2, 37
Suppose -2*j + 5*s + 23 = -3*j, -4*j = 2*s + 56. Let f = -5 - j. Suppose -2*i = i - d - 56, -f = 4*d. List the prime factors of i.
2, 3
Suppose 8*n = 12*n. Suppose -i + 16 = 4*q, 4*i - 32 = -5*q + 10. What are the prime factors of 74*(n - (-4)/i)?
37
Suppose -2*x = -3*t - 9, 5*x = -t - 1 - 2. What are the prime factors of (-4 - -2)*((-668)/8 - x)?
167
Let f = 1947 + -1107. What are the prime factors of f?
2, 3, 5, 7
Let v(b) = b**2 + 11*b - 6. Let q be v(-9). Let u = q + 31. List the prime factors of u.
7
Let j(t) = -t**2 - 7*t + 11. Let k be j(-8). Suppose -4*x = x - 300. Suppose -2*u + 11 + 33 = b, 2*b - k*u - x = 0. What are the prime factors of b?
2, 3
Let k(g) be the third derivative of -2/3*g**4 - 9*g**2 + 0*g + 1/60*g**5 + 0 - 8/3*g**3. What are the prime factors of k(20)?
2
Let o(i) = -i**3 + i - 4. Let g be o(6). What are the prime factors of -5 - (5 + -14) - g/2?
3, 37
Let j be (-229)/2 + 2/4. Let b be (1 + -2)/(17/(-34)). List the prime factors of ((-2)/6)/(b/j).
19
List the prime factors of (-1850)/(-4) - (0 + 2/4).
2, 3, 7, 11
Suppose 32 = t + 4*t + 3*m, -3*m + 12 = 0. What are the prime factors of 0 - -59 - t - 4?
3, 17
Suppose 3*u - 5*u = -4*o - 7404, 5*o - 3709 = -u. List the prime factors of u.
2, 463
Let a = 96 - 94. List the prime factors of ((-56)/6 - a)/((-6)/99).
11, 17
Let p = -3941 - -5888. What are the prime factors of p?
3, 11, 59
Suppose -3*u + 85 = -v, -2*v - 117 = -4*u + 3*v. Let b = u + -22. What are the prime factors of b?
2, 3
Let v = -662 + 1221. What are the prime factors of v?
13, 43
Suppose -2*b = -236 + 74. Suppose b - 13 = -4*a. List the prime factors of 9/(-9) - a*1.
2
List the prime factors of -11 - (-8 + 0) - 1226*-2.
31, 79
Suppose -33*i - 8295 = -36*i. What are the prime factors of i?
5, 7, 79
List the prime factors of ((-32)/48)/(((-6)/(-11007))/(-1)).
1223
Let o(i) = -69*i + 126. What are the prime factors of o(-16)?
2, 3, 5, 41
Let g(w) = 6*w**3 - 6*w**2 - 5*w - 2. Let k(c) = -c**3 + c**2 + c. Let o(f) = g(f) + 4*k(f). What are the prime factors of o(3)?
31
Let l(s) = 3*s**2 + 8*s - 1. Let w be l(-8). Let h be w/4 - 3/(-12). Suppose 2*x = -2*x + h. List the prime factors of x.
2
Let j = 7 + 1. Suppose -20 = -3*y - j. Suppose 0 = 4*v + y*g - 140, -2*g - 36 = -v - 4*g. What are the prime factors of v?
2, 17
Let g = 42 + -40. Let n(u) = -8*u**2 - u. Let h(x) = -7*x**2 - x. Let j(o) = -6*h(o) + 5*n(o). What are the prime factors of j(g)?
2, 5
Let u be ((-80)/50)/(1/(5/(-2))). What are the prime factors of -4 + (3 - 2) + (107 - u)?
2, 5
Let z(q) = q**2 + 8*q - 5. Suppose -2*y + y + 5*t - 13 = 0, -2*y - 3*t + 13 = 0. Suppose 0 = y*o + 5 + 13. What are the prime factors of z(o)?
2
Let q(m) = 4*m + 2. Let n be 3/6 - (-3)/6. Let s be (0 - n)/(6/(-18)). List the prime factors of q(s).
2, 7
Suppose 3*c = d - 661, -3*d = -3*c - 2141 + 188. What are the prime factors of d?
2, 17, 19
Let o(w) = w**2 + 2*w - 32. Let c be o(-10). Suppose 0 = -24*y + 23*y + c. List the prim